{"id":36,"date":"2015-08-11T21:44:53","date_gmt":"2015-08-11T19:44:53","guid":{"rendered":"http:\/\/www.hdh-srv02.de\/?page_id=36"},"modified":"2022-03-02T14:48:40","modified_gmt":"2022-03-02T13:48:40","slug":"ntp","status":"publish","type":"page","link":"https:\/\/www.hdh-net.de\/index.php\/unsere-partner\/ntp\/","title":{"rendered":"NTP"},"content":{"rendered":"<p><a href=\"https:\/\/www.hdh-net.de\/wp-content\/uploads\/2018\/11\/ntp-logo_200.jpg\"><img loading=\"lazy\" decoding=\"async\" class=\"alignnone size-full wp-image-152\" src=\"https:\/\/www.hdh-net.de\/wp-content\/uploads\/2018\/11\/ntp-logo_200.jpg\" alt=\"\" width=\"150\" height=\"62\" \/>\u00a0 \u00a0 \u00a0 \u00a0<\/a><a href=\"https:\/\/www.hdh-net.de\/wp-content\/uploads\/2022\/03\/MB-Logo_200-1.jpg\"><img loading=\"lazy\" decoding=\"async\" class=\"alignnone wp-image-230 size-full\" src=\"https:\/\/www.hdh-net.de\/wp-content\/uploads\/2022\/03\/MB-Logo_200-1.jpg\" alt=\"\" width=\"200\" height=\"74\" \/><\/a><\/p>\n<p>Hier werden alle Register der ungew\u00f6hnlichen Must-Haves im Bereich Unterhaltungselektronik gezogen. Das NTP Team sp\u00fcrt immer wieder aufs Neue die innovativsten Trends aus aller Welt auf und \u00fcberrascht mit raffinierten, ausgekl\u00fcgelten und durchdachten Produkten auf.<\/p>\n<p>\u00dcberzeugen Sie sich selbst unter <a href=\"http:\/\/www.new-tech-products.com\/\">http:\/\/www.new-tech-products.com\/<\/a><\/p>\n<p>Einen \u00dcberblick der verschiedenen Produktbereiche und Hersteller finden Sie <a href=\"https:\/\/www.hdh-net.de\/wp-content\/uploads\/2019\/09\/NTP-Products-Overview-2019_v04_small.pdf\">HIER<\/a><\/p>\n\n\n<p>Neu im Sortiment sind die Produkte der Firma MULTIBRACKETS aus Schweden.<\/p>\n\n\n\n<p>TV-Wandhalter \/ Office-Monitorhalterungen \/ Beamer-Halterungen \/ Leinw\u00e4nde u.v.m.<\/p>\n\n\n\n<p><strong>Produkt\u00fcbersicht unter <a href=\"https:\/\/products.multibrackets.com\/\" data-type=\"URL\" data-id=\"https:\/\/products.multibrackets.com\/\">www.multibrackets.com<\/a><\/strong><\/p>\n\n\n\n<p><\/p>\n\n\n\n<p><strong>Kataloge zum Download<\/strong><\/p>\n\n\n\n<p><a href=\"https:\/\/hdh-net.de\/wp-content\/uploads\/2022\/03\/mb_pro_series_catalogue_web.pdf\" data-type=\"URL\" data-id=\"https:\/\/hdh-net.de\/wp-content\/uploads\/2022\/03\/mb_pro_series_catalogue_web.pdf\">Profi-Katalog 2022<\/a>        <\/p>\n\n\n\n<p><a href=\"http:\/\/hdh-net.de\/wp-content\/uploads\/2022\/03\/mb_office_gaslift_arms_catalogue_web.pdf\" data-type=\"URL\" data-id=\"http:\/\/hdh-net.de\/wp-content\/uploads\/2022\/03\/mb_office_gaslift_arms_catalogue_web.pdf\">OFFICE-Katalog 2022<\/a>  <\/p>\n\n\n\n<p><a href=\"http:\/\/hdh-net.de\/wp-content\/uploads\/2022\/03\/mb_home_office_catalogue_web.pdf\" data-type=\"URL\" data-id=\"http:\/\/hdh-net.de\/wp-content\/uploads\/2022\/03\/mb_home_office_catalogue_web.pdf\">HOME Office Katalog<\/a>    <\/p>\n\n\n\n<p><a href=\"http:\/\/hdh-net.de\/wp-content\/uploads\/2022\/03\/mb_floorstand_basic_catalogue_web.pdf\" data-type=\"URL\" data-id=\"http:\/\/hdh-net.de\/wp-content\/uploads\/2022\/03\/mb_floorstand_basic_catalogue_web.pdf\">Bodenst\u00e4nder-Trollys 2022<\/a>   <\/p>\n\n\n\n<p><a href=\"http:\/\/hdh-net.de\/wp-content\/uploads\/2022\/03\/mb_vesa_flex_arms_catalouge_web.pdf\" data-type=\"URL\" data-id=\"http:\/\/hdh-net.de\/wp-content\/uploads\/2022\/03\/mb_vesa_flex_arms_catalouge_web.pdf\">VESA-FLEX-Arms<\/a>           <\/p>\n\n\n\n<p><a href=\"http:\/\/hdh-net.de\/wp-content\/uploads\/2022\/03\/mb_projection_screens_catalogue_web.pdf\" data-type=\"URL\" data-id=\"http:\/\/hdh-net.de\/wp-content\/uploads\/2022\/03\/mb_projection_screens_catalogue_web.pdf\">Beamerhalter &amp; Projektionsleinw\u00e4nde<\/a><\/p>\n\n\n\n<p><\/p>\n\n\n\n<p> <\/p>\n","protected":false},"excerpt":{"rendered":"<p>\u00a0 \u00a0 \u00a0 \u00a0 Hier werden alle Register der ungew\u00f6hnlichen Must-Haves im Bereich Unterhaltungselektronik gezogen. Das NTP Team sp\u00fcrt immer wieder aufs Neue die innovativsten Trends aus aller Welt auf und \u00fcberrascht mit raffinierten, ausgekl\u00fcgelten und durchdachten Produkten auf. \u00dcberzeugen &hellip; <a href=\"https:\/\/www.hdh-net.de\/index.php\/unsere-partner\/ntp\/\">Weiterlesen <span class=\"meta-nav\">&rarr;<\/span><\/a><\/p>\n","protected":false},"author":1,"featured_media":0,"parent":20,"menu_order":40,"comment_status":"closed","ping_status":"closed","template":"","meta":{"footnotes":""},"class_list":["post-36","page","type-page","status-publish","hentry"],"_links":{"self":[{"href":"https:\/\/www.hdh-net.de\/index.php\/wp-json\/wp\/v2\/pages\/36","targetHints":{"allow":["GET"]}}],"collection":[{"href":"https:\/\/www.hdh-net.de\/index.php\/wp-json\/wp\/v2\/pages"}],"about":[{"href":"https:\/\/www.hdh-net.de\/index.php\/wp-json\/wp\/v2\/types\/page"}],"author":[{"embeddable":true,"href":"https:\/\/www.hdh-net.de\/index.php\/wp-json\/wp\/v2\/users\/1"}],"replies":[{"embeddable":true,"href":"https:\/\/www.hdh-net.de\/index.php\/wp-json\/wp\/v2\/comments?post=36"}],"version-history":[{"count":8,"href":"https:\/\/www.hdh-net.de\/index.php\/wp-json\/wp\/v2\/pages\/36\/revisions"}],"predecessor-version":[{"id":231,"href":"https:\/\/www.hdh-net.de\/index.php\/wp-json\/wp\/v2\/pages\/36\/revisions\/231"}],"up":[{"embeddable":true,"href":"https:\/\/www.hdh-net.de\/index.php\/wp-json\/wp\/v2\/pages\/20"}],"wp:attachment":[{"href":"https:\/\/www.hdh-net.de\/index.php\/wp-json\/wp\/v2\/media?parent=36"}],"curies":[{"name":"wp","href":"https:\/\/api.w.org\/{rel}","templated":true}]}}